 - 3*f + 5. Give b(-4).
3
Let s = 9 - 4. Let q(r) be the second derivative of r**5/5 - r**4/12 - r**3 - 3*r. Let p(g) = g**3 - g**2 - g - 1. Let f(t) = s*p(t) - q(t). Calculate f(4).
-1
Let v(o) be the third derivative of -o**8/20160 - o**7/1260 - o**6/360 - o**5/4 - 5*o**2. Let n(k) be the third derivative of v(k). Calculate n(-5).
-7
Let p(k) = 5*k - 20. Let l(m) = -41*m + 332. Let f be l(8). What is p(f)?
0
Suppose -377*n = -374*n + 12. Let w(j) = j**2 + 7*j + 6. What is w(n)?
-6
Suppose -3 = -3*c - 2*y, -3*c - 3 = 4*y - 0. Let h(o) = 10*o**2 - 6*o - o**c - 3*o - 4 - 3 + 3. Give h(9).
-4
Let k be ((-50)/15)/(1/(-3)). Suppose 0 = 11*n - k*n. Let y(s) be the second derivative of s**5/20 + s**4/12 + s**3/6 + 3*s**2 + 2*s. What is y(n)?
6
Let d(m) = -m**2 + m - 2. Let r be d(0). Suppose -1 = u + 4*l - 21, -10 = -5*u - 2*l. Let h(s) = 0 - 2 + u*s + 2*s - s**2 - 4*s. Give h(r).
-2
Let s be (-2)/6 + 0 - (-7)/12. Let g(j) be the first derivative of 1 + j**3 - 2*j**2 + s*j**4 - 4*j. Determine g(-4).
-4
Let r(f) = -3*f**2 + 80*f - 178. Let o(s) = -s**2 + 27*s - 64. Let y(l) = -8*o(l) + 3*r(l). Give y(23).
1
Let a be (-28)/(-6)*3/1. Let y(p) = -2*p + 63. Let q be y(26). Let h = q - a. Let i(n) = 6*n + 3. Determine i(h).
-15
Let s(x) = -14 + 11*x - 2*x - 2*x - 7*x + x. What is s(11)?
-3
Let a(h) = 4*h - 7. Let v(o) = 20*o**3 + 2*o**2 - o. Let k be v(1). Let y = -29 + k. Let q be 20/y*(1 + -3). Give a(q).
13
Let i(v) = -v**3 - 3*v**2 - 3. Let g be i(-3). Let d(u) = 2*u**2 + 3*u - 3. Determine d(g).
6
Let t(p) = -2*p - 2. Let w be t(-1). Suppose -2*v - 6 = -w*v. Let n = 1 - v. Let r(m) = m**2 - 7*m + 5. Give r(n).
-7
Let t(z) = -z + 1. Let f be (18/12)/(6/40). Suppose -y - f = -c, -4*y + 2*c - 39 = -7. Let h be 3/2*y/(-9). Determine t(h).
0
Let w(t) be the third derivative of -t**6/120 + t**5/30 - t**3/6 + 3*t**2 - 1. Calculate w(2).
-1
Let n(i) = 2*i**3 - 2*i - 4. Let f be (3 + -6 + 9)/(2 + 0). Calculate n(f).
44
Let l(z) = z**3 - 4*z**2 - 5*z - 1. Let y(k) = k + 2. Let o = -20 - -13. Let s be y(o). Let a(b) = b**3 + 6*b**2 + 3*b - 5. Let r be a(s). What is l(r)?
-1
Let z(k) = k**2 - 2*k. Suppose 4 + 0 = h. Let q be (h + -4 - -3) + -2. What is z(q)?
-1
Let k(j) = j**3 + 2*j**2 - 2*j - 3. Suppose 5*y - 30 + 10 = 0. Suppose -p = 2*x, -5*p - y*x + 2 = -4*p. What is k(p)?
1
Let l(o) = o**3 - 7*o**2 + 3*o + 1. Let w be 5 + 0 + (6 - 5). Calculate l(w).
-17
Let t(v) = -v**3 - 6*v**2 - 3*v + 7. Suppose 2*w - 12 = -0. Let n(b) = b**2 + 8*b - 3. Let x be n(-12). Let c be (-6)/9*x/w. Calculate t(c).
-3
Let b(w) be the second derivative of -w**5/20 + w**4/6 - 2*w**3/3 + w**2 + 2*w - 85. Give b(2).
-6
Let b(s) = 2*s + 1. Let g be 3/(-2)*12/(-9)*-4. Give b(g).
-15
Suppose l - 4*x = 15, 9*l - 3*x = 12*l - 15. Let g(w) = w**3 - 7*w**2 + 5. Calculate g(l).
5
Suppose -3*j + 5*z = -93, -j - 4*z + 84 = j. Let h(k) = -70 + j - k + 33. Let p(s) = -2*s - 3. Let u be p(-4). What is h(u)?
-6
Let q(x) be the first derivative of x**4/4 + x**3/3 - x**2/2 - 5*x - 1. Suppose 290*l = 313*l. Calculate q(l).
-5
Let c(v) = v**2 + 10*v - 11. Let b be (-30)/(-21)*(-21)/3. Determine c(b).
-11
Let x = -68 + 73. Let l(c) = 2*c + 6*c - 2*c + 2 - x*c**2 - c**3. Determine l(-6).
2
Suppose 0 = d - 6*d - 3*f - 18, 0 = 2*d + f + 7. Let r(z) be the second derivative of 3/2*z**2 + 0 - 1/2*z**3 + 59*z - 1/4*z**4. What is r(d)?
-15
Let z(o) = -2*o**3 - o**2 + 1. Suppose m + 0*m = -5*n + 51, 0 = 5*m - 5. Suppose -12*l = -7*l + n. Give z(l).
13
Let d(x) = 4 + 2 - x + 1. Let k be d(2). Let i(u) = 4 + 2*u - 1 - 1 + 4*u**2 - u**3. Give i(k).
-13
Let g(m) = -5*m**2 + 6*m + 6. Let y(c) = 6*c**2 - 7*c - 7. Let p(b) = 7*g(b) + 6*y(b). Let o(u) = u**2 - 9*u - 3. Let i(d) = o(d) - 2*p(d). What is i(-8)?
5
Let b(n) = -6*n + 5. Suppose 2*j - h + 16 = 18, 0 = 2*h + 4. Give b(j).
5
Let w(k) = k + 19. Let i be w(-17). Let a(x) be the first derivative of x + 1/4*x**4 + 5/3*x**3 + 1/2*x**i - 4. What is a(-4)?
13
Let y(j) = -j**2 - 9*j + 10. Let o(z) = -3*z**2 - 29*z + 29. Let u(f) = 2*o(f) - 7*y(f). What is u(-6)?
-6
Let a(b) = 4*b**2 + 5*b + 3. Suppose 0 = 3*r + 258*q - 259*q + 11, 4*r = -2*q - 8. Calculate a(r).
24
Let l(y) = -y**3 - 4*y**2 + 4*y - 3. Suppose 3*h - 16 = -5*h. Determine l(h).
-19
Suppose -6*o - 4 - 20 = 0. Let c(q) = -q**3 - 3*q**2 + 7*q + 6. Determine c(o).
-6
Let o(z) = -2*z + 2*z**3 - 3*z**3 + 5*z**2 - 3 - 2*z. Let q = -3 + 7. Let v be 2*(8/q - 0). Calculate o(v).
-3
Let s(x) = -2*x**2 - 2*x - 1. Let r = 111 - 57. Let o = r - 33. Suppose o = -4*m + 9. Calculate s(m).
-13
Let m(u) be the second derivative of u**5/20 + u**4/3 - 2*u**3/3 + u**2/2 - 2*u. Let r = -14 + 24. Suppose -r = -0*z + 2*z. Determine m(z).
-4
Let i(y) be the second derivative of y**4/12 + 2*y**2 + y. Suppose 162*f + 57 = -138*f + 319*f. Calculate i(f).
13
Let m(p) = 12*p + 15. Let i(s) = s + 1. Suppose -5*w - 174 + 64 = 0. Let y(x) = w*i(x) + 2*m(x). Let k be (6 + -2)/((-11)/3 - -3). Calculate y(k).
-4
Let l be -9 + (-3 + 2)*-2. Let j(v) = -2*v + 8*v + v**3 + 15*v**2 - 3 - 2*v**2. Let w(h) = 2*h**3 + 27*h**2 + 13*h - 7. Let z(q) = -13*j(q) + 6*w(q). Give z(l).
-3
Suppose -2 = -q - 2*j + 22, -5*q - 2*j + 120 = 0. Let l(t) = -t**3 - 14*t**2 - 1 + 46*t**2 - q*t**2 - 10*t. Calculate l(7).
-22
Suppose -10 = 88*i - 83*i. Let w(v) = 15*v + 2. Determine w(i).
-28
Let s(l) = -l**2 + 5*l + 1. Let v be (-14)/(-49) - 26/(-7). Calculate s(v).
5
Let f(c) = 3*c**2 + 15*c - 9*c**2 + 9 + 8*c**2 - 22*c. Give f(8).
81
Let l(m) = m**2 + 4*m + 5. Suppose 22 + 26 = -8*n. What is l(n)?
17
Let s(n) be the third derivative of n**6/120 + n**5/30 + n**4/12 - n**3/3 - 7*n**2 - n. Calculate s(-3).
-17
Let a(o) = o + 2. Let q be a(-6). Let b(w) be the third derivative of -w**5/60 - w**4/4 - w**3 - 16*w**2. Give b(q).
2
Let h(d) = -5*d + 7 - 5 + 5*d - 2*d - 6*d**2. Determine h(2).
-26
Let b(c) = -c**2 - 6*c - 3. Let j(r) = 2 + 9*r - 7*r + 4*r**2 - 3 - r**3. Let g be j(4). Suppose -4*u = 3*p + g, -2*p - 2*p - 3*u = 14. Give b(p).
2
Let l(u) = u**2 + u - 2. Let c = -4 - -7. Calculate l(c).
10
Let y(g) = -5*g**2 - 3*g + 8. Let v(f) = 2*f + 4*f**2 - 10 + 0 + 1 + 2*f**2. Let j(q) = -4*v(q) - 5*y(q). What is j(-4)?
-16
Suppose 2*u + 66 = 64. Let a(x) = 9*x**3 + 3 - 2*x**2 - 2 - 3*x**3. Give a(u).
-7
Let d(u) = 10*u**2 - u. Let k be (2 - -4) + 9/(-3). Suppose k*m = 5*m - 2. Determine d(m).
9
Let k(c) = 9 + 12 + c**2 + c**3 - 47 + 14 + 0*c**2. Determine k(0).
-12
Let p be (-2)/(((-2)/(-4))/(-1)). Suppose 0 = -p*r + 6*r + 4. Let a(g) be the first derivative of g**4/2 + 4*g**3/3 + g**2 - 4. Calculate a(r).
-4
Let x(h) = 1 + h - 13123*h**3 + 0*h + 13117*h**3. What is x(2)?
-45
Let u(g) be the second derivative of g**5/20 + 3*g**4/4 - g**3/6 - 5*g**2 - 8*g - 7. What is u(-9)?
-1
Let o(x) = x**3 - x. Let t be -1*(3 + -3)*-1. Suppose -3*b - b + 8 = p, t = 2*p - 3*b + 6. Give o(p).
0
Let f(d) = d**3 - d**2 + d + 1. Suppose 5*a - 20 = -5*i, -i - 6*a - 4 = -7*a. Calculate f(i).
1
Let o = -34 - -42. Suppose 0*r = -o*r - 24. Let t(n) = -2*n + 2. What is t(r)?
8
Let o(d) = 6*d - 40. Let j be o(8). Let m(c) = c**3 - 7*c**2 - 11*c + 4. Determine m(j).
-20
Let v = -9 - -2. Suppose 0 = -3*r - 8 + 5. Let n be (v - -3)/(-2 - r). Let o(f) = f**2 - 4*f + 5. Give o(n).
5
Suppose 4*k - 20 = 0, 2*f - 4*k = 3*f - 3. Let o = 7 + f. Let u = -11 - o. Let t(j) = j - 1. Determine t(u).
-2
Let a(l) = l**3 + 6*l**2 + 5*l - 5. Suppose -p - 7 + 2 = 0. Let y be a(p). Let q(w) = w**2 + 6*w - 3 + w - 5 + 7. What is q(y)?
-11
Let g = 1/13 + -17/390. Let w(i) be the third derivative of -4*i**2 - 2/3*i**3 + 1/120*i**6 + 0*i + 1/8*i**4 - g*i**5 + 0. Give w(3).
14
Let q(v) = v**3 - 9*v**2 + 7*v + 6. Let r be ((-12)/(-10))/((-102)/60 + 2). Let c be 10 + -1*r/(-2) + -4. Determine q(c).
-2
Let h(p) be the second derivative of p**5/20 - p**4/6 - p**3/6 - 5*p**2 + 67*p + 2. Determine h(3).
-4
Let s be (0 + -9)/((-7)/133). Suppose -169*u + s*u = -4. Let z(l) be the third derivative of -l**4/24 - l**3/2 + l**2. Calculate z(u).
-1
Let b(d) = d + 1 + 0 - 2. Let x(p) = -p**2 + 7*p + 22. Let q be x(9). Suppose -q*m + 0*m = -m. Calculate b(m).
-1
Let b(d) = -14*d - 4 - 1 + 20*d + 1 + 1. What is b(-1)?
-9
Let a(j) be the third derivative of 5*j**4/24 - 7*j**3/6 - 8*j**2 + 34. Determine a(3).
8
Let t be (-5)/2*(-74)/